 -2*g**2 + 14*g - 9. Let c be f(6). What is b(c)?
4
Let n(o) be the first derivative of -o**2/2 - 8*o + 8. Give n(-8).
0
Let q(t) = 6 - 3 + 3*t + 2. Let v = 93 - 97. Determine q(v).
-7
Let s(x) = x - 1. Let l(n) = n**2 - 1. Let p(z) = -l(z) + 6*s(z). Calculate p(6).
-5
Let j(x) be the first derivative of -1/4*x**4 + 4*x - 5/2*x**2 - 7 - 2*x**3. Give j(-5).
4
Let k(t) = -14*t**2 + 5*t**2 + 8*t**2 + 3 - 9*t. What is k(-9)?
3
Let u = 255 - 254. Let v be (6/(-3))/(2/(-8)). Let l(h) = 1 - 4*h**3 + v*h**3 + 3*h**3. What is l(u)?
8
Let i(a) = a + 17. Suppose t - 5*p = 8 + 2, 8 = -2*t - 4*p. Determine i(t).
17
Let i(x) = -x**3 + 5*x**2 + x - 1. Let d(p) = 3*p - 9. Let n(y) = 3*y - 9. Let r(l) = 7*d(l) - 6*n(l). Let s be r(7). Let f = -7 + s. What is i(f)?
4
Let z(w) = w + 45 + 53 - 92. What is z(-5)?
1
Let w(r) = -r**2 - r + 4. Let m(o) = -o**2 + o + 1. Let k be m(1). Let z be k/(1*2/(-6)). What is w(z)?
-2
Let u(a) = a - 2. Let t be (-3 - -1 - 2) + 9. Calculate u(t).
3
Let b = 12 + -8. Let q(c) = -4*c**3 + 4 - 9 + c + b. Let h be q(1). Let m(p) = p**3 + 3*p**2 - 3*p + 3. Calculate m(h).
-1
Suppose 0 = 5*k - 5 + 35. Let p(t) = 60 - 5*t**2 + 11*t**2 - 24 - 23 - 12 + t**3. What is p(k)?
1
Let o(u) = u + 5. Let v = -43 - -49. What is o(v)?
11
Suppose -25 = -5*v + 5*p, 3*v + 3*p = 24 + 9. Let c(z) = -z**3 + 7*z**2 + 9*z - 8. Calculate c(v).
0
Let w(i) = -8*i**3 + 2*i**2 - i. Suppose -5*t + 6 = t. Determine w(t).
-7
Let o(b) = -b**3 - b**2 + 5. Suppose 2*a + 4*z = 20, -3*a + 5*z + 1 = a. Suppose -a*l - 8 - 8 = 2*m, 4*m = 2*l + 8. Calculate o(m).
5
Let r(j) = j - 1. Suppose -1 = -3*y + 5. Suppose -6 = -y*h, -2 = -g + h - 0*h. Calculate r(g).
4
Let j(r) = r**3 + 0*r + 6 - 7*r**2 + 0 + 0*r + 6*r. Let t be j(6). Let n(c) = c**3 - 5*c**2 - 5*c + 1. Calculate n(t).
7
Let h(c) be the first derivative of c**3/3 + c**2/2 - c - 10. What is h(-3)?
5
Let u(v) = -10*v - 5*v**3 + v + 7*v**2 + 12*v**3 + 23 - 24*v**2. Let z(s) = 10*s**3 - 25*s**2 - 13*s + 34. Let k(g) = 7*u(g) - 5*z(g). Determine k(6).
3
Let z(s) = -3*s**3 - 11*s**2 - 15*s - 1. Let x(u) = -2*u**3 - 6*u**2 - 8*u. Let b(p) = 5*x(p) - 3*z(p). Calculate b(4).
7
Suppose 2*u - 8 = 4*u - 4*t, 2*t = 5*u + 12. Let s be 5/(-10)*(9 + 1). Let k(r) = -8*r. Let a(v) = -7*v. Let w(g) = s*a(g) + 4*k(g). Give w(u).
-6
Let s(b) = -4 - 9*b**2 + b**3 + 7*b + 4*b**2 + 0*b**3. What is s(4)?
8
Suppose -d + 21 - 16 = 0. Let p(z) = -z**3 + 6*z**2 - 8*z + 5. Calculate p(d).
-10
Let g(m) = -m**3 - 10*m**2 + 4. Let c be g(-10). Let x(s) = 3*s - 6. What is x(c)?
6
Let c = 0 - -4. Let w(q) = -3*q + 372 - 375 + 5*q + q. Give w(c).
9
Let w(n) be the first derivative of n**5/20 + n**4/3 - n**2/2 - 2*n + 3. Let x(s) be the first derivative of w(s). Give x(-4).
-1
Let r(t) = -2*t**3 + 4*t**2 - 4*t + 2. Let k(a) = -2*a + 9. Let c be k(6). Let u(v) = v + 5. Let w be u(c). Calculate r(w).
-6
Let t be (6/2)/((-6)/(-4)). Let h(i) = -3*i - 7 - 5*i**t + i**3 + 0 - i**2 + 2*i**2. Determine h(5).
3
Let r(h) = -h**3 + 6*h**2 - 4*h - 2. Let j(k) = k**3 - 6*k**2 + 4*k + 2. Suppose -12 - 3 = -3*o, -2*o = x - 7. Let c(a) = x*j(a) - 4*r(a). Give c(5).
-3
Let o(y) = -1 + 5 - 6 + y. Let q be o(5). Let p(t) = -2*t + 1. Calculate p(q).
-5
Let w(v) = v - 2. Let i be (2 - 3) + 4/2. Let s(c) = -c. Let a(b) = i*w(b) + 2*s(b). What is a(4)?
-6
Suppose -z - 1 = 2*j - 2, -3*j + 3 = z. Suppose 0 = -7*a + j*a + 15. Let t(g) = -3*g + 2. Give t(a).
-7
Let w(r) = -18 + 2*r - 29 + 41. Suppose o - 20 = -3*o. Determine w(o).
4
Let o(d) = -3*d - 11. Let y(q) = 4*q + 17. Let h(b) = 7*o(b) + 5*y(b). Calculate h(8).
0
Let j(g) = 3*g**2 + 8*g - 3*g - 2*g**2. Let d(h) = -h**2 - 7*h + 3. Let v be d(-7). Suppose -v*p = -0*p + 12. Calculate j(p).
-4
Let c = 100 + -99. Let f(q) = -3*q**2. Determine f(c).
-3
Let u(j) = 4*j. Let a be -1*(-2)/(-4)*2. Let v be u(a). Let w = v - -8. Let k(y) = -2*y + 5. Calculate k(w).
-3
Let v(h) = -h**2 - 2*h - 3. Let o be 5/(-160)*-8 + (-13)/4. Give v(o).
-6
Let s(g) = -g**2 + 4*g - 2. Let r be 4*(-2 + -1)/6. Let d be r + 2 + (-2 - -2). Let v be 2/(d - -1 - 0). Calculate s(v).
2
Let d(n) = -2*n**3 - 11*n - 5 + 8*n + 7*n - 4*n**2 + n**3. Give d(-5).
0
Let v(w) = -3*w**3 + 6*w**3 - 5*w**2 + 6 + 0*w + 7*w - 4*w**3. What is v(-6)?
0
Suppose -s + 14 = y - 6*y, -3*s + 2*y = -3. Let n(h) = h**2 - 5*h - 6. Let b be n(6). Let r(d) = -3 + b + 6*d + 3 - 1. Give r(s).
-7
Let i(y) be the third derivative of -y**4/12 + 2*y**3/3 + 31*y**2 + 2*y. What is i(4)?
-4
Let p = -9 - -13. Let q be 6/p - (-6)/4. Let k(f) = 4*f**2 - 2*f**2 + 2*f**3 - 2*f + f**3 - 2 - 2*f**q. Calculate k(-2).
2
Let c(g) be the first derivative of 3*g**2 + 3*g - 1/3*g**3 - 4. What is c(4)?
11
Let p = -5 - -5. Suppose 2*m + 2*c = p, m + m + 5*c + 12 = 0. Let u be ((-1)/2)/(m/24). Let b(n) = n**3 + 2*n**2 - 4*n - 2. What is b(u)?
1
Let m(h) = h + 1. Let b(k) = k**3 - 8*k**2 + k - 9. Let l(w) = w - 4. Let c be l(6). Let q = 6 + c. Let u be b(q). Calculate m(u).
0
Let w(u) = 6*u**3 - u**2 - u. Let p be 16/10 - (-4)/10. Suppose -3*a + 1 = -14. Suppose 3*o = a*n + 14, -3*o + 5 = -2*n - p*o. Calculate w(n).
-6
Let p(r) = 2*r**2 + 7*r + 6. Suppose k + k = 0. Let n be 1 - -1 - k - 6. Calculate p(n).
10
Let p(q) be the first derivative of q**7/840 - q**6/120 - q**5/120 + 2*q**3/3 + 3. Let f(h) be the third derivative of p(h). What is f(2)?
-6
Let m(s) = s**2 + s - 2. Let j(u) = 3*u**2 - 7*u + 4. Let p(q) = -7*q**2 + 14*q - 7. Let w(k) = -5*j(k) - 2*p(k). Let i be w(6). Determine m(i).
-2
Let i be -1*(22 - 2)/(-2). Let n = i + -6. Let t(a) = 0 + 3*a + 2 - a**2 + 0*a**2. Determine t(n).
-2
Suppose 0 = 2*a - 5*t - 27, 5*a - 18 = -2*t - 2*t. Suppose 2*r = o + a, -12 = -r + o + 4*o. Let l(g) = -g**3 + g**2. Give l(r).
-4
Let q be ((-49)/21)/((-3)/(-9)). Let a(p) = p + 10. Give a(q).
3
Let m(c) = c + 2. Suppose 0 = -2*n + n + 4. Suppose -n*h = -10 - 2. Suppose 0 = 4*k + t + 5, -h*k + 5*t = k + 23. Give m(k).
0
Let m(x) = x**2 - 5*x - 1. Let n be (0 + 0)/(1 + 2). Suppose -p + 5 + n = 0. Suppose p*t - 9 = 16. Calculate m(t).
-1
Let b(u) be the first derivative of 1/4*u**4 + 0*u**2 + 0*u**3 - 2*u - 2. Let n be (2 + (3 - 5))/(-1). Calculate b(n).
-2
Suppose 3 = -2*n + 7. Let d(p) = p**2 + 1. What is d(n)?
5
Let g be -3 + 2 - 1*-4. Suppose g = 5*d - 17. Let m(h) = -h**2 + 3*h + 4. Give m(d).
0
Let j(g) = -g. Let y(t) = -t**2 - 4*t - 4. Let h(n) = 2*j(n) + y(n). What is h(-7)?
-11
Let u(w) be the third derivative of -w**6/120 - w**5/20 + w**4/12 + w**3/3 - 7*w**2. Determine u(2).
-14
Let w be (-1)/(-12)*-2 + (-115)/30. Let o(h) = h**2 + 10*h + 5. Calculate o(w).
-19
Let n = 9 + -1. Let u be n/4 - (-5)/(-1). Let w(a) = -8*a**2 + 20*a - 9. Let v(o) = -3*o**2 + 7*o - 3. Let z(p) = 11*v(p) - 4*w(p). Give z(u).
3
Let n(r) = -r + 5. Let z be n(0). Let m = z - 8. Let p(h) = -4*h - 2 - h**2 + 2. Calculate p(m).
3
Let u(r) = r**3 - 11*r**2 + 11*r - 14. Let l = -23 - -33. Let f be u(l). Let i(n) = -3*n + 5. Let k(w) = -w + 1. Let g(v) = -i(v) + 2*k(v). What is g(f)?
-7
Let g(s) = -3*s - 17. Let d be g(-8). Let k(q) = -q**3 + 6*q**2 + 8*q - 8. Determine k(d).
-1
Let i(p) = -3*p + 1. Let l(y) = -6*y + 3. Let s(g) = 5*i(g) - 3*l(g). Give s(4).
8
Let d(z) be the first derivative of -1/12*z**4 + 0*z**2 - 1/6*z**3 - 2 + 3*z - 1/20*z**5. Let u(a) be the first derivative of d(a). Calculate u(-1).
1
Let g be (-4)/10*(-14 - -4). Suppose g*u = -u. Let o(r) = -2*r + 3*r + 0*r**2 + r**2 + 9. What is o(u)?
9
Let t(k) be the third derivative of -k**9/60480 + k**8/6720 + k**7/1260 - k**6/720 - 2*k**5/15 - 9*k**2. Let x(b) be the third derivative of t(b). What is x(4)?
-1
Let v be ((-75)/(-45))/(2/(-6)). Let z(a) be the second derivative of -a**5/20 - a**4/3 + 7*a**3/6 + 3*a**2 - a. Calculate z(v).
-4
Let q(h) = 5*h**2 - h**2 - 22*h + 20*h + 3 + h**3. Determine q(-4).
11
Suppose -5*r - 4*s - 1 = -7*s, r + 14 = -4*s. Let z(q) = q + 1. Give z(r).
-1
Let p = 11 - 9. Let n(f) = -15*f**2 + 6*f. Let w(u) = -7*u**2 + 3*u. Let m(d) = 4*n(d) - 9*w(d). What is m(p)?
6
Let k(z) be the first derivative of z**3/3 - 2*z - 1. Suppose 6*j - 2*j = -2*t + 16, 5 = j. Give k(t).
2
Let u(g) = g**2 - 7*g + 5. Suppose -w + 2*p + 2*p = 6, -4 = w - 3*p. Let m be 5*(w - (-24)/(-15)). Suppose -2*h = -5*h - i + 10, -5*h = m*i - 16. What is u(h)?
-7
Let d(s) = -s**2 